{"id":556,"date":"2019-10-22T22:33:19","date_gmt":"2019-10-22T20:33:19","guid":{"rendered":"http:\/\/www.aef.nu\/?page_id=556"},"modified":"2019-10-22T22:39:09","modified_gmt":"2019-10-22T20:39:09","slug":"hostvandring-i-ekeback-oktober-2019","status":"publish","type":"page","link":"https:\/\/www.aef.nu\/?page_id=556","title":{"rendered":"H\u00f6stvandring i Ekeb\u00e4ck, oktober 2019"},"content":{"rendered":"<p>Den 20 oktober 2019 hade vi en guidad vandring i Ekeb\u00e4ck. Per-Olof Ryd\u00e9n var v\u00e5r ciceron och ber\u00e4ttade om utvecklingen av Ekeb\u00e4ck fr\u00e5n 1600-talet och fram. Under tiden gick vi backe upp och backe ner f\u00f6r att se olika sp\u00e5r av tidigare aktiviteter och bebyggelse. I bildspelet har vi samlat lite bilder fr\u00e5n vandringen. Om du h\u00e5ller muspekaren \u00f6ver bilden s\u00e5 stannar bildspelet.<\/p>\n<p>\u00a0<\/p>\n\n\n<div class=\"alignnormal\"><div id=\"metaslider-id-559\" style=\"width: 100%;\" class=\"ml-slider-3-108-0 metaslider metaslider-nivo metaslider-559 ml-slider has-dots-nav ms-theme-default\" role=\"region\" aria-label=\"Ekeb\u00e4ck\" data-height=\"300\" data-width=\"700\">\n    <div id=\"metaslider_container_559\">\n        <div class='slider-wrapper theme-default'><div class='ribbon'><\/div><div id='metaslider_559' class='nivoSlider'><img loading=\"lazy\" decoding=\"async\" src=\"https:\/\/www.aef.nu\/wp-content\/uploads\/2019\/10\/Utsikt-3-700x300.jpg\" height=\"300\" width=\"700\" data-caption=\"Utsikt fr&aring;n Ekeb&auml;ck &ouml;ver Kungssten\" title=\"Utsikt 3\" alt=\"\" class=\"slider-559 slide-575 msDefaultImage\" \/><img loading=\"lazy\" decoding=\"async\" src=\"https:\/\/www.aef.nu\/wp-content\/uploads\/2019\/10\/Utsikt-2-700x300.jpg\" height=\"300\" width=\"700\" data-caption=\"Utsikt fr&aring;n Ekeb&auml;ck mot &Auml;lvsborgs kyrka\" title=\"Utsikt 2\" alt=\"\" class=\"slider-559 slide-576 msDefaultImage\" \/><img loading=\"lazy\" decoding=\"async\" src=\"https:\/\/www.aef.nu\/wp-content\/uploads\/2019\/10\/Utsikt-1-700x300.jpg\" height=\"300\" width=\"700\" data-caption=\"Utsikt &ouml;ver virrvarret av hus med sk&auml;rg&aring;rden i bakgrunden\" title=\"Utsikt 1\" alt=\"\" class=\"slider-559 slide-577 msDefaultImage\" \/><img loading=\"lazy\" decoding=\"async\" src=\"https:\/\/www.aef.nu\/wp-content\/uploads\/2019\/10\/Snickargl\u00e4dje-700x300.jpg\" height=\"300\" width=\"700\" data-caption=\"F&auml;rgglad snickargl&auml;dje i Ekeb&auml;ck\" title=\"Snickargl\u00e4dje\" alt=\"\" class=\"slider-559 slide-579 msDefaultImage\" \/><img loading=\"lazy\" decoding=\"async\" src=\"https:\/\/www.aef.nu\/wp-content\/uploads\/2019\/10\/Slakteri-700x300.jpg\" height=\"300\" width=\"700\" data-caption=\"Det lilla huset anv&auml;ndes under v&auml;rldskriget som slakteri\" title=\"Slakteri\" alt=\"\" class=\"slider-559 slide-580 msDefaultImage\" \/><img loading=\"lazy\" decoding=\"async\" src=\"https:\/\/www.aef.nu\/wp-content\/uploads\/2019\/10\/Panoramautsikt-700x300.jpg\" height=\"300\" width=\"700\" data-caption=\"Panoramavy &ouml;ver &Auml;lvsborg\" title=\"Panoramautsikt\" alt=\"\" class=\"slider-559 slide-581 msDefaultImage\" \/><img loading=\"lazy\" decoding=\"async\" src=\"https:\/\/www.aef.nu\/wp-content\/uploads\/2019\/10\/Olofsborg-700x300.jpg\" height=\"300\" width=\"700\" data-caption=\"Hus med namn. Olofsborg\" title=\"Olofsborg\" alt=\"\" class=\"slider-559 slide-582 msDefaultImage\" \/><img loading=\"lazy\" decoding=\"async\" src=\"https:\/\/www.aef.nu\/wp-content\/uploads\/2019\/10\/Gustafsh\u00f6jd-700x300.jpg\" height=\"300\" width=\"700\" data-caption=\"Hus med namn, Gustafsh&ouml;jd\" title=\"Gustafsh\u00f6jd\" alt=\"\" class=\"slider-559 slide-583 msDefaultImage\" \/><img loading=\"lazy\" decoding=\"async\" src=\"https:\/\/www.aef.nu\/wp-content\/uploads\/2019\/10\/Borghem-700x300.jpg\" height=\"300\" width=\"700\" data-caption=\"Hus med namn. Borghem\" title=\"Borghem\" alt=\"\" class=\"slider-559 slide-584 msDefaultImage\" \/><img loading=\"lazy\" decoding=\"async\" src=\"https:\/\/www.aef.nu\/wp-content\/uploads\/2019\/10\/Backe-upp-700x300.jpg\" height=\"300\" width=\"700\" data-caption=\"50 vandrade p&aring; guidad tur genom Ekeb&auml;ck\" title=\"Backe upp\" alt=\"\" class=\"slider-559 slide-585 msDefaultImage\" \/><img loading=\"lazy\" decoding=\"async\" src=\"https:\/\/www.aef.nu\/wp-content\/uploads\/2019\/10\/Backe-ner-700x300.jpg\" height=\"300\" width=\"700\" data-caption=\"Brant backe och utsikt &ouml;ver sk&auml;rg&aring;rden\" title=\"Backe ner\" alt=\"\" class=\"slider-559 slide-586 msDefaultImage\" \/><img loading=\"lazy\" decoding=\"async\" src=\"https:\/\/www.aef.nu\/wp-content\/uploads\/2019\/10\/\u00c4lvsborgsbron-700x300.jpg\" height=\"300\" width=\"700\" data-caption=\"&Auml;lvsborgsbron fr&aring;n Ekeb&auml;ck\" title=\"\u00c4lvsborgsbron\" alt=\"\" class=\"slider-559 slide-587 msDefaultImage\" \/><img loading=\"lazy\" decoding=\"async\" src=\"https:\/\/www.aef.nu\/wp-content\/uploads\/2019\/10\/Utsikt-5-700x300.jpg\" height=\"300\" width=\"700\" data-caption=\"Utsikt &ouml;ver Dalaskolan med omgivningar\" title=\"Utsikt 5\" alt=\"\" class=\"slider-559 slide-588 msDefaultImage\" \/><img loading=\"lazy\" decoding=\"async\" src=\"https:\/\/www.aef.nu\/wp-content\/uploads\/2019\/10\/Utsikt-4-700x300.jpg\" height=\"300\" width=\"700\" data-caption=\"Utsikt fr&aring;n Ekeb&auml;ck ut &ouml;ver &Auml;lvsborg\" title=\"Utsikt 4\" alt=\"\" class=\"slider-559 slide-589 msDefaultImage\" \/><\/div><\/div>\n        \n    <\/div>\n<\/div><\/div>\n","protected":false},"excerpt":{"rendered":"<p>Den 20 oktober 2019 hade vi en guidad vandring i Ekeb\u00e4ck. Per-Olof Ryd\u00e9n var v\u00e5r ciceron och ber\u00e4ttade om utvecklingen av Ekeb\u00e4ck fr\u00e5n 1600-talet och fram. Under tiden gick vi backe upp och backe ner f\u00f6r att se olika sp\u00e5r av tidigare aktiviteter och bebyggelse. I bildspelet har vi samlat lite bilder fr\u00e5n vandringen. Om [&hellip;]<\/p>\n","protected":false},"author":1,"featured_media":0,"parent":0,"menu_order":0,"comment_status":"closed","ping_status":"closed","template":"","meta":{"footnotes":""},"class_list":["post-556","page","type-page","status-publish","hentry","post"],"_links":{"self":[{"href":"https:\/\/www.aef.nu\/index.php?rest_route=\/wp\/v2\/pages\/556","targetHints":{"allow":["GET"]}}],"collection":[{"href":"https:\/\/www.aef.nu\/index.php?rest_route=\/wp\/v2\/pages"}],"about":[{"href":"https:\/\/www.aef.nu\/index.php?rest_route=\/wp\/v2\/types\/page"}],"author":[{"embeddable":true,"href":"https:\/\/www.aef.nu\/index.php?rest_route=\/wp\/v2\/users\/1"}],"replies":[{"embeddable":true,"href":"https:\/\/www.aef.nu\/index.php?rest_route=%2Fwp%2Fv2%2Fcomments&post=556"}],"version-history":[{"count":4,"href":"https:\/\/www.aef.nu\/index.php?rest_route=\/wp\/v2\/pages\/556\/revisions"}],"predecessor-version":[{"id":593,"href":"https:\/\/www.aef.nu\/index.php?rest_route=\/wp\/v2\/pages\/556\/revisions\/593"}],"wp:attachment":[{"href":"https:\/\/www.aef.nu\/index.php?rest_route=%2Fwp%2Fv2%2Fmedia&parent=556"}],"curies":[{"name":"wp","href":"https:\/\/api.w.org\/{rel}","templated":true}]}}