{"id":547,"date":"2019-10-14T12:17:21","date_gmt":"2019-10-14T10:17:21","guid":{"rendered":"http:\/\/www.aef.nu\/?page_id=547"},"modified":"2021-05-02T18:14:07","modified_gmt":"2021-05-02T16:14:07","slug":"gotaalvgatan-flaggstyrmannen","status":"publish","type":"page","link":"https:\/\/www.aef.nu\/?page_id=547","title":{"rendered":"G\u00f6ta\u00e4lvgatan &#8211; Flaggstyrmannen"},"content":{"rendered":"<p>H\u00e4r skulle det byggas ett sexv\u00e5ningshus med butiker i bottenplan och l\u00e4genheter h\u00f6gre upp. Efter diverse turer verkar det som om det enbart blir bostadsr\u00e4ttsl\u00e4genheter.<\/p>\n<p>I oktober 2019 b\u00f6rjade man riva det befintliga huset. Huset byggdes 1790 som corps de logis i Moll\u00f6sund. 1904 plockades huset p\u00e5 Moll\u00f6sund ner och flyttades till L\u00e5ngedragsv\u00e4gen 161 d\u00e4r&nbsp; byggnaden \u00e5teruppf\u00f6rdes men i mindre storlek. Det fick namnet Ville Bergsg\u00e5rden. Man kan l\u00e4sa mer om detta i <a href=\"https:\/\/www.vfh.se\/\" target=\"_blank\" rel=\"noopener\">V\u00e4stra Fr\u00f6lunda Hembygdsf\u00f6rening<\/a>s \u00e5rsbok 2019.<\/p>\n<p><img loading=\"lazy\" decoding=\"async\" class=\"alignnone  wp-image-548\" src=\"http:\/\/www.aef.nu\/wp-content\/uploads\/2019\/10\/K\u00e4ringberget-300x169.jpg\" alt=\"\" width=\"598\" height=\"337\" srcset=\"https:\/\/www.aef.nu\/wp-content\/uploads\/2019\/10\/K\u00e4ringberget-300x169.jpg 300w, https:\/\/www.aef.nu\/wp-content\/uploads\/2019\/10\/K\u00e4ringberget-768x432.jpg 768w, https:\/\/www.aef.nu\/wp-content\/uploads\/2019\/10\/K\u00e4ringberget-1024x576.jpg 1024w\" sizes=\"auto, (max-width: 598px) 100vw, 598px\" \/><\/p>\n\n\n<p>\u00c5ter till\u00a0<a href=\"http:\/\/www.aef.nu\/?page_id=181\">Projektsidan<\/a><\/p>\n","protected":false},"excerpt":{"rendered":"<p>H\u00e4r skulle det byggas ett sexv\u00e5ningshus med butiker i bottenplan och l\u00e4genheter h\u00f6gre upp. Efter diverse turer verkar det som om det enbart blir bostadsr\u00e4ttsl\u00e4genheter. I oktober 2019 b\u00f6rjade man riva det befintliga huset. Huset byggdes 1790 som corps de logis i Moll\u00f6sund. 1904 plockades huset p\u00e5 Moll\u00f6sund ner och flyttades till L\u00e5ngedragsv\u00e4gen 161 d\u00e4r&nbsp; [&hellip;]<\/p>\n","protected":false},"author":3,"featured_media":0,"parent":0,"menu_order":0,"comment_status":"closed","ping_status":"closed","template":"","meta":{"footnotes":""},"class_list":["post-547","page","type-page","status-publish","hentry","post"],"_links":{"self":[{"href":"https:\/\/www.aef.nu\/index.php?rest_route=\/wp\/v2\/pages\/547","targetHints":{"allow":["GET"]}}],"collection":[{"href":"https:\/\/www.aef.nu\/index.php?rest_route=\/wp\/v2\/pages"}],"about":[{"href":"https:\/\/www.aef.nu\/index.php?rest_route=\/wp\/v2\/types\/page"}],"author":[{"embeddable":true,"href":"https:\/\/www.aef.nu\/index.php?rest_route=\/wp\/v2\/users\/3"}],"replies":[{"embeddable":true,"href":"https:\/\/www.aef.nu\/index.php?rest_route=%2Fwp%2Fv2%2Fcomments&post=547"}],"version-history":[{"count":4,"href":"https:\/\/www.aef.nu\/index.php?rest_route=\/wp\/v2\/pages\/547\/revisions"}],"predecessor-version":[{"id":2688,"href":"https:\/\/www.aef.nu\/index.php?rest_route=\/wp\/v2\/pages\/547\/revisions\/2688"}],"wp:attachment":[{"href":"https:\/\/www.aef.nu\/index.php?rest_route=%2Fwp%2Fv2%2Fmedia&parent=547"}],"curies":[{"name":"wp","href":"https:\/\/api.w.org\/{rel}","templated":true}]}}