{"id":4274,"date":"2022-05-31T09:56:05","date_gmt":"2022-05-31T07:56:05","guid":{"rendered":"https:\/\/www.aef.nu\/?page_id=4274"},"modified":"2022-10-04T11:08:05","modified_gmt":"2022-10-04T09:08:05","slug":"ny-skola-vid-nya-varvet-och-bostader-langs-langedragsvagen","status":"publish","type":"page","link":"https:\/\/www.aef.nu\/?page_id=4274","title":{"rendered":"Ny skola vid Nya Varvet och bost\u00e4der l\u00e4ngs L\u00e5ngedragsv\u00e4gen"},"content":{"rendered":"<p>(31\/5 2022) K\u00e4llfelts byggnads AB har beg\u00e4rt f\u00f6rpr\u00f6vning av utbyggnad av Nya varvsskolan samt bost\u00e4der l\u00e4ngs L\u00e5ngedragsv\u00e4gen. Byggnaderna kommer delvis att ligga p\u00e5 den gamla GAIS-.planen vid Nya Varvsall\u00e9n. En del av marken \u00e4gs av kommunen, som g\u00e5tt in som meds\u00f6kande.<\/p>\n<p>En f\u00f6rpr\u00f6vning har gjorts, och kommunen har utgivit ett tj\u00e4nsteutl\u00e5tande d\u00e4r man \u00e4r positiv, dock med f\u00f6rbeh\u00e5ll att byggnaderna tar h\u00e4nsyn till natur- och kulturmilj\u00f6, liksom att bullerfr\u00e5gor kan l\u00f6sas.<\/p>\n<p>Nedan bilder samt l\u00e4nkar till dokument.<\/p>\n<p><img loading=\"lazy\" decoding=\"async\" class=\"alignnone size-medium wp-image-4262\" src=\"https:\/\/www.aef.nu\/wp-content\/uploads\/2022\/05\/Plankarta-nya-Nyavarvsskolan-300x262.png\" alt=\"\" width=\"300\" height=\"262\" srcset=\"https:\/\/www.aef.nu\/wp-content\/uploads\/2022\/05\/Plankarta-nya-Nyavarvsskolan-300x262.png 300w, https:\/\/www.aef.nu\/wp-content\/uploads\/2022\/05\/Plankarta-nya-Nyavarvsskolan-1024x893.png 1024w, https:\/\/www.aef.nu\/wp-content\/uploads\/2022\/05\/Plankarta-nya-Nyavarvsskolan-768x670.png 768w, https:\/\/www.aef.nu\/wp-content\/uploads\/2022\/05\/Plankarta-nya-Nyavarvsskolan.png 1377w\" sizes=\"auto, (max-width: 300px) 100vw, 300px\" \/> <img loading=\"lazy\" decoding=\"async\" class=\"alignnone size-medium wp-image-4268\" src=\"https:\/\/www.aef.nu\/wp-content\/uploads\/2022\/05\/Flygbild-planomrade-ur-Forprovningsrapport-300x215.png\" alt=\"\" width=\"300\" height=\"215\" srcset=\"https:\/\/www.aef.nu\/wp-content\/uploads\/2022\/05\/Flygbild-planomrade-ur-Forprovningsrapport-300x215.png 300w, https:\/\/www.aef.nu\/wp-content\/uploads\/2022\/05\/Flygbild-planomrade-ur-Forprovningsrapport-1024x735.png 1024w, https:\/\/www.aef.nu\/wp-content\/uploads\/2022\/05\/Flygbild-planomrade-ur-Forprovningsrapport-768x551.png 768w, https:\/\/www.aef.nu\/wp-content\/uploads\/2022\/05\/Flygbild-planomrade-ur-Forprovningsrapport.png 1380w\" sizes=\"auto, (max-width: 300px) 100vw, 300px\" \/><\/p>\n<p><a href=\"https:\/\/www.aef.nu\/wp-content\/uploads\/2022\/05\/02_Forprovningsrapport-1.pdf\">02_Forprovningsrapport (1)<\/a><\/p>\n<p><a href=\"https:\/\/www.aef.nu\/wp-content\/uploads\/2022\/05\/Tjansteutlatande-Ny-Nyavarvsskola-mm.pdf\">Tj\u00e4nsteutl\u00e5tande Ny Nyavarvsskola mm<\/a><\/p>\n","protected":false},"excerpt":{"rendered":"<p>(31\/5 2022) K\u00e4llfelts byggnads AB har beg\u00e4rt f\u00f6rpr\u00f6vning av utbyggnad av Nya varvsskolan samt bost\u00e4der l\u00e4ngs L\u00e5ngedragsv\u00e4gen. Byggnaderna kommer delvis att ligga p\u00e5 den gamla GAIS-.planen vid Nya Varvsall\u00e9n. En del av marken \u00e4gs av kommunen, som g\u00e5tt in som meds\u00f6kande. En f\u00f6rpr\u00f6vning har gjorts, och kommunen har utgivit ett tj\u00e4nsteutl\u00e5tande d\u00e4r man \u00e4r positiv, [&hellip;]<\/p>\n","protected":false},"author":3,"featured_media":0,"parent":0,"menu_order":0,"comment_status":"closed","ping_status":"closed","template":"","meta":{"footnotes":""},"class_list":["post-4274","page","type-page","status-publish","hentry","post"],"_links":{"self":[{"href":"https:\/\/www.aef.nu\/index.php?rest_route=\/wp\/v2\/pages\/4274","targetHints":{"allow":["GET"]}}],"collection":[{"href":"https:\/\/www.aef.nu\/index.php?rest_route=\/wp\/v2\/pages"}],"about":[{"href":"https:\/\/www.aef.nu\/index.php?rest_route=\/wp\/v2\/types\/page"}],"author":[{"embeddable":true,"href":"https:\/\/www.aef.nu\/index.php?rest_route=\/wp\/v2\/users\/3"}],"replies":[{"embeddable":true,"href":"https:\/\/www.aef.nu\/index.php?rest_route=%2Fwp%2Fv2%2Fcomments&post=4274"}],"version-history":[{"count":3,"href":"https:\/\/www.aef.nu\/index.php?rest_route=\/wp\/v2\/pages\/4274\/revisions"}],"predecessor-version":[{"id":4484,"href":"https:\/\/www.aef.nu\/index.php?rest_route=\/wp\/v2\/pages\/4274\/revisions\/4484"}],"wp:attachment":[{"href":"https:\/\/www.aef.nu\/index.php?rest_route=%2Fwp%2Fv2%2Fmedia&parent=4274"}],"curies":[{"name":"wp","href":"https:\/\/api.w.org\/{rel}","templated":true}]}}

Ny skola vid Nya Varvet och bostäder längs Långedragsvägen

<p>(31/5 2022) Källfelts byggnads AB har begärt förprövning av utbyggnad av Nya varvsskolan samt bostäder längs Långedragsvägen. Byggnaderna kommer delvis att ligga på den gamla GAIS-.planen vid Nya Varvsallén. En del av marken ägs av kommunen, som gått in som medsökande.</p>
<p>En förprövning har gjorts, och kommunen har utgivit ett tjänsteutlåtande där man är positiv, dock med förbehåll att byggnaderna tar hänsyn till natur- och kulturmiljö, liksom att bullerfrågor kan lösas.</p>
<p>Nedan bilder samt länkar till dokument.</p>
<p><img loading="lazy" decoding="async" class="alignnone size-medium wp-image-4262" src="https://www.aef.nu/wp-content/uploads/2022/05/Plankarta-nya-Nyavarvsskolan-300x262.png" alt="" width="300" height="262" srcset="https://www.aef.nu/wp-content/uploads/2022/05/Plankarta-nya-Nyavarvsskolan-300x262.png 300w, https://www.aef.nu/wp-content/uploads/2022/05/Plankarta-nya-Nyavarvsskolan-1024x893.png 1024w, https://www.aef.nu/wp-content/uploads/2022/05/Plankarta-nya-Nyavarvsskolan-768x670.png 768w, https://www.aef.nu/wp-content/uploads/2022/05/Plankarta-nya-Nyavarvsskolan.png 1377w" sizes="auto, (max-width: 300px) 100vw, 300px" /> <img loading="lazy" decoding="async" class="alignnone size-medium wp-image-4268" src="https://www.aef.nu/wp-content/uploads/2022/05/Flygbild-planomrade-ur-Forprovningsrapport-300x215.png" alt="" width="300" height="215" srcset="https://www.aef.nu/wp-content/uploads/2022/05/Flygbild-planomrade-ur-Forprovningsrapport-300x215.png 300w, https://www.aef.nu/wp-content/uploads/2022/05/Flygbild-planomrade-ur-Forprovningsrapport-1024x735.png 1024w, https://www.aef.nu/wp-content/uploads/2022/05/Flygbild-planomrade-ur-Forprovningsrapport-768x551.png 768w, https://www.aef.nu/wp-content/uploads/2022/05/Flygbild-planomrade-ur-Forprovningsrapport.png 1380w" sizes="auto, (max-width: 300px) 100vw, 300px" /></p>
<p><a href="https://www.aef.nu/wp-content/uploads/2022/05/02_Forprovningsrapport-1.pdf">02_Forprovningsrapport (1)</a></p>
<p><a href="https://www.aef.nu/wp-content/uploads/2022/05/Tjansteutlatande-Ny-Nyavarvsskola-mm.pdf">Tjänsteutlåtande Ny Nyavarvsskola mm</a></p>

<p>(31/5 2022) Källfelts byggnads AB har begärt förprövning av utbyggnad av Nya varvsskolan samt bostäder längs Långedragsvägen. Byggnaderna kommer delvis att ligga på den gamla GAIS-.planen vid Nya Varvsallén. En del av marken ägs av kommunen, som gått in som medsökande. En förprövning har gjorts, och kommunen har utgivit ett tjänsteutlåtande där man är positiv, [&hellip;]</p>
