{"id":42,"date":"2018-10-29T19:41:29","date_gmt":"2018-10-29T18:41:29","guid":{"rendered":"http:\/\/www.aef.nu\/?page_id=42"},"modified":"2021-05-21T16:58:49","modified_gmt":"2021-05-21T14:58:49","slug":"integritetspolicy","status":"publish","type":"page","link":"https:\/\/www.aef.nu\/?page_id=42","title":{"rendered":"Integritetspolicy"},"content":{"rendered":"\n<p>Information om hur \u00c4lvsborgs Egnahemsf\u00f6rening (\u00c4EF) behandlar personuppgifter.&nbsp;V\u00e5r webbplatsadress \u00e4r: http:\/\/www.aef.nu.<\/p>\n\n\n\n<p><strong>Vad \u00e4r \u00e4ndam\u00e5let med att behandla personuppgifter?<\/strong><br>\u00c4EF behandlar uppgifter om namn, adress, telefon- och mobilnummer, e-postadress och betaldatum. \u00c4ndam\u00e5let med behandlingen av personuppgifterna \u00e4r att vi ska kunna behandla din medlemsans\u00f6kan och administrera ditt medlemskap hos \u00c4EF. Medlemskapet \u00e4r det avtal som inneb\u00e4r att du f\u00e5r tillg\u00e5ng till den verksamhet som \u00c4EF bedriver med utg\u00e5ngspunkt fr\u00e5n v\u00e5ra stadgar.<\/p>\n\n\n\n<p><strong>Vem \u00e4r personuppgiftsansvarig?<\/strong><br>\u00c4EF \u00e4r personuppgiftsansvarig och styrelsen f\u00f6r \u00c4EF \u00e4r ansvarig f\u00f6r att behandlingen av personuppgifter sker p\u00e5 korrekt vis.<\/p>\n\n\n\n<p><strong>Hur hanteras uppgifterna?<\/strong><br>Personuppgifterna behandlas av utsedda personer. \u00c4EF str\u00e4var efter att hantera och lagra uppgifterna p\u00e5 ett s\u00e4kert och effektivt s\u00e4tt med h\u00e4nsyn till verksamheten. \u00c4EF delar inte personuppgifter med n\u00e5gon annan organisation.<\/p>\n\n\n\n<p><strong>Hur sker \u00e4ndringar?<\/strong><br>Det \u00e4r viktigt att du som medlem meddelar \u00c4EF n\u00e4r dina uppgifter \u00e4ndras. Det \u00e4r angel\u00e4get att uppgifterna \u00e4r korrekta och felaktigheter kommer att r\u00e4ttas snarast.<\/p>\n\n\n\n<p><strong>Hur beg\u00e4r jag information som jag har r\u00e4tt till?<\/strong><br>Du har r\u00e4tt att beg\u00e4ra information om dina personuppgifter hos \u00c4EF och att f\u00e5 uppgifterna r\u00e4ttade om s\u00e5 beh\u00f6vs. Observera att \u00c4EF enbart sparar personuppgifter som \u00c4EF bed\u00f6mer beh\u00f6vs f\u00f6r organisationens verksamhet. Skicka en undertecknad beg\u00e4ran till oss om du \u00f6nskar f\u00e5 information om de uppgifter som g\u00e4ller dig.<br><\/p>\n\n\n\n<p><strong>Hur l\u00e4nge sparas uppgifterna?<\/strong><br>Personuppgifter som l\u00e4mnas i samband med medlemsans\u00f6kan eller senare, samt uppgifter som p\u00e5 annat vis st\u00f6djer verksamheten sparas under den tid du \u00e4r medlem samt under den l\u00e4ngre tid som beh\u00f6vs f\u00f6r verksamheten.&nbsp;<br>Du kan ocks\u00e5 beg\u00e4ra att vi tar bort alla personuppgifter vi har om dig. Detta omfattar inte eventuella uppgifter som vi \u00e4r tvungna att spara av administrativa, legala eller s\u00e4kerhets\u00e4ndam\u00e5l.<\/p>\n\n\n\n<p><strong>Efter avslutat medlemskap<\/strong><br>Om du v\u00e4ljer att avsluta medlemskapet hos \u00c4EF beh\u00f6ver vi \u00e4nd\u00e5 beh\u00e5lla dina personuppgifter upp till ett \u00e5r eller i vissa fall l\u00e4ngre tid. Detta f\u00f6r att vi ska kunna administrera avslutandet av ditt medlemskap, till exempel fullg\u00f6ra s\u00e5dana \u00e5taganden mot dig som p\u00e5g\u00e5r under en tid som str\u00e4cker sig efter det att medlemskapet upph\u00f6rt. <\/p>\n\n\n\n<p><strong>Akismet<\/strong><br>Vi anv\u00e4nder Akismet anti-skr\u00e4ppost-tj\u00e4nst.  Informationen vi samlar in \u00e4r kommentatorns IP-adress, anv\u00e4ndaragent, h\u00e4nvisare och webbplats-URL (tillsammans med annan information som tillhandah\u00e5lls direkt av kommentatorn s\u00e5som dess namn, anv\u00e4ndarnamn, e-postadress och sj\u00e4lva kommentaren).<\/p>\n\n\n\n<p><strong>Sammanfattningsvis<\/strong><br>\u00c4EF hanterar medlemsinformation enbart f\u00f6r att administrera medlemsavgifter och hantera utskick till sina medlemmar.<br>\u00c4EF:s medlemsinformation som omfattar namn, adress, telefon- och mobilnummer, e-postadress och betalningsinformation lagras p\u00e5 ett s\u00e4kert s\u00e4tt, aldrig l\u00e4ngre \u00e4n n\u00f6dv\u00e4ndigt och l\u00e4mnas inte ut till 3:e part.<br>En medlem \u00e4ger alltid \u201dr\u00e4tten att bli gl\u00f6md\u201d, dvs. att bli borttagen fr\u00e5n \u00c4EFs register.<\/p>\n","protected":false},"excerpt":{"rendered":"<p>Information om hur \u00c4lvsborgs Egnahemsf\u00f6rening (\u00c4EF) behandlar personuppgifter.&nbsp;V\u00e5r webbplatsadress \u00e4r: http:\/\/www.aef.nu. Vad \u00e4r \u00e4ndam\u00e5let med att behandla personuppgifter?\u00c4EF behandlar uppgifter om namn, adress, telefon- och mobilnummer, e-postadress och betaldatum. \u00c4ndam\u00e5let med behandlingen av personuppgifterna \u00e4r att vi ska kunna behandla din medlemsans\u00f6kan och administrera ditt medlemskap hos \u00c4EF. Medlemskapet \u00e4r det avtal som inneb\u00e4r att [&hellip;]<\/p>\n","protected":false},"author":1,"featured_media":0,"parent":0,"menu_order":0,"comment_status":"closed","ping_status":"closed","template":"","meta":{"footnotes":""},"class_list":["post-42","page","type-page","status-publish","hentry","post"],"_links":{"self":[{"href":"https:\/\/www.aef.nu\/index.php?rest_route=\/wp\/v2\/pages\/42","targetHints":{"allow":["GET"]}}],"collection":[{"href":"https:\/\/www.aef.nu\/index.php?rest_route=\/wp\/v2\/pages"}],"about":[{"href":"https:\/\/www.aef.nu\/index.php?rest_route=\/wp\/v2\/types\/page"}],"author":[{"embeddable":true,"href":"https:\/\/www.aef.nu\/index.php?rest_route=\/wp\/v2\/users\/1"}],"replies":[{"embeddable":true,"href":"https:\/\/www.aef.nu\/index.php?rest_route=%2Fwp%2Fv2%2Fcomments&post=42"}],"version-history":[{"count":8,"href":"https:\/\/www.aef.nu\/index.php?rest_route=\/wp\/v2\/pages\/42\/revisions"}],"predecessor-version":[{"id":2804,"href":"https:\/\/www.aef.nu\/index.php?rest_route=\/wp\/v2\/pages\/42\/revisions\/2804"}],"wp:attachment":[{"href":"https:\/\/www.aef.nu\/index.php?rest_route=%2Fwp%2Fv2%2Fmedia&parent=42"}],"curies":[{"name":"wp","href":"https:\/\/api.w.org\/{rel}","templated":true}]}}