{"id":2424,"date":"2021-04-16T14:28:19","date_gmt":"2021-04-16T12:28:19","guid":{"rendered":"http:\/\/www.aef.nu\/?page_id=2424"},"modified":"2023-09-02T10:30:23","modified_gmt":"2023-09-02T08:30:23","slug":"billingen-nybyggnation","status":"publish","type":"page","link":"https:\/\/www.aef.nu\/?page_id=2424","title":{"rendered":"Billingen nybyggnation"},"content":{"rendered":"\n<h3 class=\"wp-block-heading\">September 2023: \u00c4EF skickar besv\u00e4r \u00f6ver domen till MMD<\/h3>\n\n\n\n<h4 class=\"wp-block-heading\">V\u00e4nersborgs Tingsr\u00e4tt, Mark o Milj\u00f6domstolen, Box 1070, 462 28 V\u00e4nersborg<\/h4>\n\n\n\n<h4 class=\"wp-block-heading\">Dom i \u00e4rende: P 5422-22 av den 2023-07-04<\/h4>\n\n\n\n<h4 class=\"wp-block-heading\">Saken:\u00a0Detaljplan f\u00f6r bost\u00e4der v\u00e4ster om Billingsgatan inom stadsdelen \u00c4lvsborg i G\u00f6teborgs kommun.\u00a0\u00a0\u00a0\u00a0\u00a0\u00a0\u00a0<\/h4>\n\n\n\n<h4 class=\"wp-block-heading\">Klagande: \u00c4lvsborgs Egnahemsf\u00f6rening (\u00c4EF) Box 4045 426 04 V\u00e4stra Fr\u00f6lunda<\/h4>\n\n\n\n<p>I rubricerade \u00e4rende har domstolen avvisat \u00c4EF som r\u00e4ttm\u00e4tig part att ing\u00e5 i gruppen som har r\u00e4tt att \u00f6verklaga G\u00f6teborgs Kommuns detaljplanering i ber\u00f6rt omr\u00e5de. Man h\u00e4nvisar till f\u00f6reningens stadgar och anger att det huvudsakliga \u00e4ndam\u00e5let med f\u00f6reningens verksamhet inte \u00e4r att bevaka kulturmilj\u00f6intressen:<\/p>\n\n\n\n<p><em>\u201d <\/em><em>\u00c4lvsborgs Egnahemsf\u00f6rening har enligt sina stadgar f\u00f6ljande \u00e4ndam\u00e5l. Att tillvarata medlemmarnas intresse av att samverka gentemot myndigheter och f\u00f6retag i fr\u00e5gor om stadsplanering, kommunal service, kulturutbud, kulturminnesv\u00e5rd m.m. som ber\u00f6r stadsdelen \u00c4lvsborg. Verksamheten skall fr\u00e4mja trivsel och god boendemilj\u00f6 i omr\u00e5det.<\/em><\/p>\n\n\n\n<p><em>F\u00f6reningsstadgarna beskriver f\u00f6rst och fr\u00e4mst att f\u00f6reningens \u00e4ndam\u00e5l \u00e4r att verka i fr\u00e5gor om stadsplanering och kommunal service i vid bem\u00e4rkelse. \u00c4ven om f\u00f6reningens \u00e4ndam\u00e5l till en del kan omfatta tillvaratagande av kulturmilj\u00f6intressen s\u00e5 bed\u00f6mer domstolen att detta ligger vid sidan av f\u00f6reningens huvudsakliga \u00e4ndam\u00e5l. F\u00f6reningen har allts\u00e5 inte ett s\u00e5dant \u00e4ndam\u00e5l att den ska ges r\u00e4tt att \u00f6verklaga ett beslut att anta en detaljplan med h\u00e4nvisning till kulturmilj\u00f6intressen. \u201d<a href=\"#_ftn1\" id=\"_ftnref1\"><strong>[1]<\/strong><\/a><\/em><\/p>\n\n\n\n<p>Domstolen har anlagt en mycket generell syn p\u00e5 hur f\u00f6reningens stadgar skall tolkas, och att de \u00e4mnen som listas f\u00f6rst \u00e4r de huvudsakliga \u00e4ndam\u00e5len. Denna tolkning \u00e4r totalt fr\u00e4mmande gentemot \u00c4EF:s uppfattning om vad som ing\u00e5r i f\u00f6reningens uppdrag.<\/p>\n\n\n\n<p>Varje beslutsomr\u00e5de som ber\u00f6r utvecklingen inom stadsdelen \u00c4lvsborg och som anges med exempel i stadgarna blir n\u00e4r s\u00e5dan fr\u00e5ga aktualiseras ett 100-procentigt huvudfokusomr\u00e5de. Det anges klart och tydligt att f\u00f6reningen skall bevaka beslut fr\u00e5n myndigheter och det avser samtliga \u00e4renden som f\u00f6reningen anser f\u00f6rs\u00e4mrar en f\u00f6r innev\u00e5narna god boendemilj\u00f6. I detta fall inte bara f\u00f6r de i omr\u00e5det bosatta personerna.<\/p>\n\n\n\n<p>Det \u00e4r naturligtvis inte s\u00e5 att n\u00e4r ett myndighetsbeslut kommer till f\u00f6reningens k\u00e4nnedom att de i stadgarna angivna beslutsomr\u00e5den (som anges som exempel) skall graderas i f\u00f6rh\u00e5llande till ett \u201dhuvudsakligt \u00e4ndam\u00e5l\u201d, s\u00e5 att fr\u00e5gor avseende kulturintressen skall \u00e4gnas 10 %, bostadsbyggande 20%, kommunala samf\u00e4rdselfr\u00e5gor 25% osv., utan varje fr\u00e5ga som kommer upp inom vilket \u00e4mnesomr\u00e5de som helst som ber\u00f6r stadsdelen \u00c4lvsborg blir ett huvudsakligt omr\u00e5de till 100%. Domstolen anl\u00e4gger en f\u00f6renklad och verklighetsfr\u00e4mmande syn p\u00e5 den verksamhet f\u00f6reningen tagit sig an att bevaka.&nbsp;<\/p>\n\n\n\n<p>Dessutom verkar domstolen ha en mycket sn\u00e4v syn p\u00e5 vad kultur \u00e4r, n\u00e4mligen d\u00e4r ordet \u201dkultur\u201d n\u00e4mns. Men det \u00e4r inte bara statyer, m\u00e5lningar och font\u00e4ner som \u00e4r kultur; stadsbyggnad, boende, service och trivsel \u00e4r ocks\u00e5 kultur.<\/p>\n\n\n\n<p>Med domstolens syns\u00e4tt skulle f\u00f6reningen inte kunna g\u00e5 in i en enda sakfr\u00e5ga f\u00f6r bevakning utan att bli avvisade som icke beh\u00f6riga att agera i en fr\u00e5ga som ber\u00f6r tillt\u00e4nkta beslut fr\u00e5n olika myndigheter.<\/p>\n\n\n\n<p>Domstolen h\u00e4nvisar till domen i \u00e4rendet Sn\u00e4ckan 8 vilken sedermera i H\u00f6gsta Domstolen och i Milj\u00f6\u00f6verdomstolen gav f\u00f6reningen St Eriks r\u00e4tt att \u00f6verklaga Stockholms kommuns detaljplanef\u00f6rslag. Det man i milj\u00f6domstolen h\u00e4nvisar till \u00e4r skrivningen \u201dhuvudsaklig verksamhet\u201d. \u00c4EF menar att samtliga fr\u00e5gor som ber\u00f6r f\u00f6r\u00e4ndrad boendemilj\u00f6 till det s\u00e4mre i enlighet med vad f\u00f6reningen tidigare anf\u00f6rt \u00e4r en huvudsaklig verksamhetsinriktning. \u00c4EF \u00e4r inte i sin roll en enfr\u00e5georganisation h\u00e4nvisad till endast ett \u00e4mnesomr\u00e5de utan en organisation som har varje uppkommande fr\u00e5ga som \u201dhuvudsaklig\u201d om\/n\u00e4r dessa ber\u00f6r stadsdelen \u00c4lvsborg .&nbsp;&nbsp;&nbsp;<\/p>\n\n\n\n<p>\u00c4EF anser att domstolen p\u00e5 felaktiga grunder f\u00f6rv\u00e4gra f\u00f6reningen r\u00e4tt att ing\u00e5 som \u00f6verklagande part. Detta domslut b\u00f6r d\u00e4rf\u00f6r upph\u00e4vas p\u00e5 denna grund.<\/p>\n\n\n\n<p>I det fall domstolen inte anser sig kunna \u00e4ndra domslutet genom en ompr\u00f6vning \u00f6nskar \u00c4EF&nbsp; att \u00e4rendet vidarebefordras till Milj\u00f6\u00f6verdomstolen f\u00f6r fortsatt bed\u00f6mning vad g\u00e4ller r\u00e4tten att agera som klagande part i m\u00e5let.<\/p>\n\n\n\n<p>P\u00e5 grund av semestertid har klagofristen i sig \u00f6verskridits men f\u00f6reningen menar att domen p\u00e5 felaktig grund inneburit en stor belastning att inte f\u00e5 de sakliga argumenten pr\u00f6vade i vederb\u00f6rlig ordning.<\/p>\n\n\n\n<p>G\u00f6teborg den 2 september 2023 \u00c4lvsborgs Egnahemsf\u00f6rening Anders Elleg\u00e5rd, ordf\u00f6rande<\/p>\n\n\n\n<hr class=\"wp-block-separator has-alpha-channel-opacity\"\/>\n\n\n\n<p><a id=\"_ftn1\" href=\"#_ftnref1\">[1]<\/a> Ur V\u00e4nersborgs Tingsr\u00e4tt, Mark- och mijl\u00f6domstolen. DOM P5422-22 s.5 (se dokument nedan)<\/p>\n\n\n\n<h2 class=\"wp-block-heading\">4\/7 2023 (precis till semestern): Dom &#8211; \u00c4EF anses inte vara sak\u00e4gare av MMD<\/h2>\n\n\n\n<p>Domen ligger <a href=\"https:\/\/www.aef.nu\/wp-content\/uploads\/2023\/09\/Vanersborgs-TR-P-5422-22-Dom-2023-07-04.pdf\">h\u00e4r<\/a> f\u00f6r l\u00e4sning eller nedladdning.<\/p>\n\n\n\n<h2 class=\"wp-block-heading\">(7\/2 2023) MMD ber om komplettering av \u00c4EFs \u00f6verklagande<\/h2>\n\n\n\n<p>MMD undrar om \u00c4EF verkligen \u00e4r ber\u00e4ttigade sak\u00e4gare och ber \u00c4EF komplettera. De skickar ocks\u00e5 hj\u00e4lpsamt nedanst\u00e5ende information. D\u00e5 vi anser att \u00c4EF fyller kraven i dessa paragrafer har vi skickat in den beg\u00e4rda informationen och f\u00f6rv\u00e4ntar oss nu att bli godk\u00e4nda som sak\u00e4gare.<\/p>\n\n\n\n<blockquote class=\"wp-block-quote is-layout-flow wp-block-quote-is-layout-flow\">\n<p>&#8221;Det finns s\u00e4rskilda best\u00e4mmelser om klagor\u00e4tt f\u00f6r milj\u00f6organisationer (se 16 kap. 13 \u00a7<br>milj\u00f6balken, 13 kap. 12 \u00a7 plan- och bygglagen och r\u00e4ttsfallet &#8221;Sn\u00e4ckan 8&#8243;, NJA 2020 s. 641, med d\u00e4r gjorda h\u00e4nvisningar). F\u00f6r r\u00e4tt att \u00f6verklaga ska en s\u00e5dan organisation bl.a. enligt sina stadgar ha som syfte att ta tillvara naturskydds- eller milj\u00f6skydds- eller kulturmilj\u00f6intressen, ha bedrivit verksamhet i Sverige under minst tre \u00e5r och ha l\u00e4gst 100 medlemmar. Om ni anser er ha r\u00e4tt att \u00f6verklaga p\u00e5 s\u00e5dan grund b\u00f6r ni ge in handlingar som visar att er organisation uppfyller dessa krav (organisationens stadgar, medlemsmatrikel etc).&#8221;<\/p>\n<cite>V\u00e4nersborgs TR P 5422-22 Aktbil 7 (002).pdf<\/cite><\/blockquote>\n\n\n\n<h2 class=\"wp-block-heading\"><strong>(26\/12 2022)<\/strong> \u00c4EF \u00f6verklagar till Mark- och Milj\u00f6domstolen:<\/h2>\n\n\n\n<p><strong>\u00d6verklagande av kommunfullm\u00e4ktiges i G\u00f6teborg beslut g\u00e4llande detaljplan f\u00f6r bost\u00e4der v\u00e4ster om Billingegatan inom stadsdelen \u00c4lvsborg, diarienummer 0998\/22<\/strong><\/p>\n\n\n\n<p>\u00c4lvsborgs Egnahemsf\u00f6rening yttrar sig som representant f\u00f6r drygt 200 medlemshush\u00e5ll i stadsdelen \u00c4lvsborg, G\u00f6teborg.<\/p>\n\n\n\n<p>Vi anser att det intr\u00e5ng som g\u00f6rs i gr\u00f6n- och rekreationsomr\u00e5det Stora Billingen i och med den i \u00e5r \u00e4ndrade detaljplanen f\u00f6r omr\u00e5det \u00e4r till men f\u00f6r v\u00e5r stadsdel. Det visar p\u00e5 en trend att allt mer kringsk\u00e4ra och stycka upp allm\u00e4nna omr\u00e5den till f\u00f6rm\u00e5n f\u00f6r privata vinstintressen. Tillv\u00e4gag\u00e5ngss\u00e4ttet har varit att efter bygglovsans\u00f6kan omdefiniera gr\u00e4nserna f\u00f6r rekreationsomr\u00e5det s\u00e5 att den ber\u00f6rda delen l\u00e4ggs utanf\u00f6r omr\u00e5det. Vad \u00e4r d\u00e5 dessa \u00f6versiktsplaner v\u00e4rda?<\/p>\n\n\n\n<p>Vi fruktar att metoden att exploatera gemensam mark att omdefiniera skyddsv\u00e4rda omr\u00e5den i nya \u00f6versiktsplaner efter privata intressen kommer att bli vanligare om metoden vinner insteg i planeringen. Detta \u00e4r en fr\u00e5ga av principiell betydelse och G\u00f6teborgs kommunfullm\u00e4ktiges beslut b\u00f6r d\u00e4rf\u00f6r \u00e5terremitteras.<\/p>\n\n\n\n<p>G\u00f6teborg 26\/12 2022<\/p>\n\n\n\n<p>Anders Elleg\u00e5rd, ordf\u00f6rande<\/p>\n\n\n\n<p>\u00c4LVSBORGS EGNAHEMSF\u00d6RENING<\/p>\n\n\n\n<p>Box 4045<\/p>\n\n\n\n<p>426 04 V\u00c4STRA FR\u00d6LUNDA<\/p>\n\n\n\n<h2 class=\"wp-block-heading\"><strong>(24\/11 2022) <\/strong>Kommunfullm\u00e4ktige godk\u00e4nde Byggnadsn\u00e4mndens f\u00f6rslag.<\/h2>\n\n\n\n<h2 class=\"wp-block-heading\"><strong>(4\/10 2022) <\/strong>\u00c4rendet tillstyrkt i Byggnadsn\u00e4mnden den 23 augusti. Det skall dock upp i kommunfullm\u00e4ktige p\u00e5 grund av det k\u00e4nsliga l\u00e4get.<\/h2>\n\n\n\n<h2 class=\"wp-block-heading\">Granskning av detaljplan f\u00f6r Bost\u00e4der vid Billingegatan<\/h2>\n\n\n\n<p>Fram till 6 april 2022 \u00e4r sista chansen att komma in med sunpunkter p\u00e5 detaljplanen. \u00c4EF fick nedanst\u00e5ende inbjudan av Stadsbyggnadskontoret eftersom vi redan yttrat oss i fr\u00e5gan.<\/p>\n\n\n\n<div data-wp-interactive=\"core\/file\" class=\"wp-block-file\"><object data-wp-bind--hidden=\"!state.hasPdfPreview\" hidden class=\"wp-block-file__embed\" data=\"https:\/\/www.aef.nu\/wp-content\/uploads\/2022\/03\/Underrattelse-om-granskning-Detaljplan-for-Bostader-vid-Billingegatan-inom-stadsdelen-Alvsborg-i-Goteborg.pdf\" type=\"application\/pdf\" style=\"width:100%;height:600px\" aria-label=\"Inb\u00e4ddning av Underr\u00e4ttelse om granskning Detaljplan f\u00f6r Bost\u00e4der vid Billingegatan inom stadsdelen \u00c4lvsborg i G\u00f6teborg.\"><\/object><a id=\"wp-block-file--media-7b2cfb99-4ce6-4437-889e-c94a31d1b7d2\" href=\"https:\/\/www.aef.nu\/wp-content\/uploads\/2022\/03\/Underrattelse-om-granskning-Detaljplan-for-Bostader-vid-Billingegatan-inom-stadsdelen-Alvsborg-i-Goteborg.pdf\">Underr\u00e4ttelse om granskning Detaljplan f\u00f6r Bost\u00e4der vid Billingegatan inom stadsdelen \u00c4lvsborg i G\u00f6teborg<\/a><a href=\"https:\/\/www.aef.nu\/wp-content\/uploads\/2022\/03\/Underrattelse-om-granskning-Detaljplan-for-Bostader-vid-Billingegatan-inom-stadsdelen-Alvsborg-i-Goteborg.pdf\" class=\"wp-block-file__button wp-element-button\" download aria-describedby=\"wp-block-file--media-7b2cfb99-4ce6-4437-889e-c94a31d1b7d2\">Ladda ner<\/a><\/div>\n\n\n\n<p><\/p>\n\n\n\n<h2 class=\"wp-block-heading\">\u00c4rendet ligger nu p\u00e5 Fastighetskontoret f\u00f6r beredning<\/h2>\n\n\n\n<p>Byggnadsn\u00e4mnden tog ingen h\u00e4nsyn till naturintressen eller andra inl\u00e4gg, utan valde att forts\u00e4tta exploateringsprocessen. \u00c4rendet ligger nu p\u00e5 Fastighetskontoret, d\u00e4r man kan f\u00f6lja den fortsatta utvecklingen: <a href=\"https:\/\/urldefense.com\/v3\/__https:\/goteborg.se\/wps\/myportal\/start\/byggande--lantmateri-och-planarbete\/kommunens-planarbete\/plan--och-byggprojekt\/!ut\/p\/z1\/hZDBboMwEES_hqt3bcCG3qBVUDEKaZso4EtkKgeQAkTgJFK_vrTqKWrL3HZ2nkYaUFCA6vW1rbVth16f5rtU_LCh6UsQ0wjzJFzh81ZuVmuZ5Sg92C8F1PzGPxThD39vx68sdhGTnH3zi_3_FCzw5cyLg8cSpKlHZcBjgVEmH10uBZeZgDdQoK6tuT0Zq9sTlPEafT90EH1IQbVVR27vHUHiCsaFR4UXChFwJr62i_rKDWpQozma0YzkMs6TNtaepwcHHdQX25B6sKYaxppMxsHfoGaYLBT3WTh3u13xsT12-2D6BKNmeYI!\/__;!!HBVxBjZwpQ!hxww_2q1Gx60vfRIwjKLpwdlSwRMNnCcMeuMRkCNO5qUaoY2isukFfK_RKZpjhlPBZJV$\">\u00c4lvsborg &#8211; Bost\u00e4der v\u00e4ster om Billingegatan &#8211; Plan- och byggprojekt &#8211; G\u00f6teborgs Stad (goteborg.se)<\/a> (Denna l\u00e4nk kr\u00e4ver inloggning med Bank-ID),<\/p>\n\n\n\n<p><\/p>\n\n\n\n<h2 class=\"wp-block-heading\">Naturskyddsf\u00f6reningen mots\u00e4tter sej exploatering vid Billingegatan<\/h2>\n\n\n\n<div data-wp-interactive=\"core\/file\" class=\"wp-block-file\"><object data-wp-bind--hidden=\"!state.hasPdfPreview\" hidden class=\"wp-block-file__embed\" data=\"https:\/\/www.aef.nu\/wp-content\/uploads\/2021\/12\/Yttrande_Alvsborg-bostader-vaster-om-Billingegatan_210929-4.pdf\" type=\"application\/pdf\" style=\"width:100%;height:600px\" aria-label=\"Inb\u00e4ddning av Yttrande_Alvsborg-bostader-vaster-om-Billingegatan_210929 (4).\"><\/object><a id=\"wp-block-file--media-e0c9db38-657f-4f75-bca8-0104b75ee9da\" href=\"https:\/\/www.aef.nu\/wp-content\/uploads\/2021\/12\/Yttrande_Alvsborg-bostader-vaster-om-Billingegatan_210929-4.pdf\">Yttrande_Alvsborg-bostader-vaster-om-Billingegatan_210929 (4)<\/a><a href=\"https:\/\/www.aef.nu\/wp-content\/uploads\/2021\/12\/Yttrande_Alvsborg-bostader-vaster-om-Billingegatan_210929-4.pdf\" class=\"wp-block-file__button wp-element-button\" download aria-describedby=\"wp-block-file--media-e0c9db38-657f-4f75-bca8-0104b75ee9da\">Ladda ner<\/a><\/div>\n\n\n\n<h2 class=\"wp-block-heading\">September 2021: Samr\u00e5d om uppr\u00e4ttande av Detaljplan som strider mot \u00d6versiktsplanen <\/h2>\n\n\n\n<p>Detaljerad information finns p\u00e5 <a href=\"https:\/\/goteborg.se\/wps\/portal\/start\/byggande--lantmateri-och-planarbete\/kommunens-planarbete\/plan--och-byggprojekt\/!ut\/p\/z1\/04_Sj9CPykssy0xPLMnMz0vMAfIjo8ziAwy9Ai2cDB0N_N0t3Qw8Q7wD3Py8ffwNvE30w8EKDFCAo4FTkJGTsYGBu7-RfhTp-pFNIk4_HgVR-I0vyA0NDXVUVAQAVZbvaw!!\/p0\/IZ7_42G01J41K86B70ALKC36K76KL7=CZ6_P1JQ8B1A0OG9F0ITKPFNKLO0K4=MEviewDetail!BN0559QCP05==\/\" data-type=\"URL\" data-id=\"https:\/\/goteborg.se\/wps\/portal\/start\/byggande--lantmateri-och-planarbete\/kommunens-planarbete\/plan--och-byggprojekt\/!ut\/p\/z1\/04_Sj9CPykssy0xPLMnMz0vMAfIjo8ziAwy9Ai2cDB0N_N0t3Qw8Q7wD3Py8ffwNvE30w8EKDFCAo4FTkJGTsYGBu7-RfhTp-pFNIk4_HgVR-I0vyA0NDXVUVAQAVZbvaw!!\/p0\/IZ7_42G01J41K86B70ALKC36K76KL7=CZ6_P1JQ8B1A0OG9F0ITKPFNKLO0K4=MEviewDetail!BN0559QCP05==\/\">G\u00f6teborgs Stads hemsida<\/a>  <\/p>\n\n\n\n<figure class=\"wp-block-image size-full\"><img loading=\"lazy\" decoding=\"async\" width=\"591\" height=\"872\" src=\"https:\/\/www.aef.nu\/wp-content\/uploads\/2021\/09\/Kungorelse.png\" alt=\"\" class=\"wp-image-3118\" srcset=\"https:\/\/www.aef.nu\/wp-content\/uploads\/2021\/09\/Kungorelse.png 591w, https:\/\/www.aef.nu\/wp-content\/uploads\/2021\/09\/Kungorelse-203x300.png 203w\" sizes=\"auto, (max-width: 591px) 100vw, 591px\" \/><\/figure>\n\n\n<p>Den privata byggherren och mark\u00e4garen har under \u00e5rens lopp gjort ett antal f\u00f6rs\u00f6k att f\u00e5 bygga p\u00e5 sin mark.&nbsp;Det b\u00f6rjade f\u00f6r ca 20-25 \u00e5r sedan d\u00e5 han ville bygga 25 villor. Det blev en stor protest fr\u00e5n grannar och boende p\u00e5 Billingegatan. Han har f\u00f6rs\u00f6kt n\u00e5gra fler g\u00e5nger med&nbsp;minskat antal villor. Det gjordes detaljplan g\u00e4llande Billingegatan som godk\u00e4ndes 2008. Kretslopp och vatten gjorde gr\u00e4vningar f\u00f6r avlopp och kommunalt vatten 2018.<\/p>\n<p>Grannar och boende p\u00e5 gatan har inte h\u00f6rt n\u00e5got g\u00e4llande mark\u00e4garens planer om att f\u00e5 bygga p\u00e5 l\u00e4nge. Vi t\u00e4nkte att han hade sl\u00e4ppt detta.<\/p>\n<p>S\u00e5 helt pl\u00f6tsligt en dag hittade vi detta projekt som p\u00e5g\u00e5r nu.&nbsp; Ingen information har getts till grannar om detta. Av handlingarna som vi beg\u00e4rt ut verkar det l\u00e5ngt g\u00e5nget.<\/p>\n<p>Handl\u00e4ggaren p\u00e5 fastighetskontoret s\u00e4ger att det kommer ut till ber\u00f6rda n\u00e4r det \u00e4r dags. Omr\u00e5det som det g\u00e4ller visas p\u00e5 kartan nedan. Stadens projektdirektiv hittar du h\u00e4r: <a href=\"http:\/\/www.aef.nu\/wp-content\/uploads\/2021\/04\/Projektdirektiv-och-projektplan-Billingen.pptx\">Projektdirektiv och projektplan Billingen<\/a>. Dokumentet inneh\u00e5ller m\u00e5nga bra kartor och uppgifter om prelimin\u00e4ra bed\u00f6mningar. Minnesanteckningar fr\u00e5n stadens startm\u00f6te finns h\u00e4r: <a href=\"http:\/\/www.aef.nu\/wp-content\/uploads\/2021\/04\/Startmote-Bostader-Vaster-om-Billingegatan-minnesanteckningar.docx\">Startm\u00f6te Bost\u00e4der V\u00e4ster om Billingegatan minnesanteckningar<\/a>. Notera att anteckningarna \u00e4r fulla av jargong och f\u00f6rkortningar och lite sv\u00e5ra att f\u00f6lja f\u00f6r den som inte \u00e4r heltidsbyr\u00e5krat.<\/p>\n\n\n<figure class=\"wp-block-image size-large\"><img loading=\"lazy\" decoding=\"async\" width=\"9500\" height=\"6759\" src=\"http:\/\/www.aef.nu\/wp-content\/uploads\/2021\/04\/Billingen-nybyggnad-Grundkarta-och-planomrade.jpg\" alt=\"\" class=\"wp-image-2432\" srcset=\"https:\/\/www.aef.nu\/wp-content\/uploads\/2021\/04\/Billingen-nybyggnad-Grundkarta-och-planomrade.jpg 9500w, https:\/\/www.aef.nu\/wp-content\/uploads\/2021\/04\/Billingen-nybyggnad-Grundkarta-och-planomrade-300x213.jpg 300w, https:\/\/www.aef.nu\/wp-content\/uploads\/2021\/04\/Billingen-nybyggnad-Grundkarta-och-planomrade-768x546.jpg 768w\" sizes=\"auto, (max-width: 9500px) 100vw, 9500px\" \/><\/figure>\n\n\n\n<p>\u00c5ter till&nbsp;<a href=\"http:\/\/www.aef.nu\/?page_id=181\">Projektsidan<\/a><\/p>\n","protected":false},"excerpt":{"rendered":"<p>September 2023: \u00c4EF skickar besv\u00e4r \u00f6ver domen till MMD V\u00e4nersborgs Tingsr\u00e4tt, Mark o Milj\u00f6domstolen, Box 1070, 462 28 V\u00e4nersborg Dom i \u00e4rende: P 5422-22 av den 2023-07-04 Saken:\u00a0Detaljplan f\u00f6r bost\u00e4der v\u00e4ster om Billingsgatan inom stadsdelen \u00c4lvsborg i G\u00f6teborgs kommun.\u00a0\u00a0\u00a0\u00a0\u00a0\u00a0\u00a0 Klagande: \u00c4lvsborgs Egnahemsf\u00f6rening (\u00c4EF) Box 4045 426 04 V\u00e4stra Fr\u00f6lunda I rubricerade \u00e4rende har domstolen avvisat [&hellip;]<\/p>\n","protected":false},"author":3,"featured_media":0,"parent":0,"menu_order":0,"comment_status":"closed","ping_status":"closed","template":"","meta":{"footnotes":""},"class_list":["post-2424","page","type-page","status-publish","hentry","post"],"_links":{"self":[{"href":"https:\/\/www.aef.nu\/index.php?rest_route=\/wp\/v2\/pages\/2424","targetHints":{"allow":["GET"]}}],"collection":[{"href":"https:\/\/www.aef.nu\/index.php?rest_route=\/wp\/v2\/pages"}],"about":[{"href":"https:\/\/www.aef.nu\/index.php?rest_route=\/wp\/v2\/types\/page"}],"author":[{"embeddable":true,"href":"https:\/\/www.aef.nu\/index.php?rest_route=\/wp\/v2\/users\/3"}],"replies":[{"embeddable":true,"href":"https:\/\/www.aef.nu\/index.php?rest_route=%2Fwp%2Fv2%2Fcomments&post=2424"}],"version-history":[{"count":21,"href":"https:\/\/www.aef.nu\/index.php?rest_route=\/wp\/v2\/pages\/2424\/revisions"}],"predecessor-version":[{"id":5279,"href":"https:\/\/www.aef.nu\/index.php?rest_route=\/wp\/v2\/pages\/2424\/revisions\/5279"}],"wp:attachment":[{"href":"https:\/\/www.aef.nu\/index.php?rest_route=%2Fwp%2Fv2%2Fmedia&parent=2424"}],"curies":[{"name":"wp","href":"https:\/\/api.w.org\/{rel}","templated":true}]}}