{"id":227,"date":"2019-02-07T22:51:16","date_gmt":"2019-02-07T21:51:16","guid":{"rendered":"http:\/\/www.aef.nu\/?page_id=227"},"modified":"2026-03-31T04:24:00","modified_gmt":"2026-03-31T02:24:00","slug":"aef-styrelse","status":"publish","type":"page","link":"https:\/\/www.aef.nu\/?page_id=227","title":{"rendered":"\u00c4EF Styrelse"},"content":{"rendered":"\n<h2 class=\"wp-block-heading\">\u00c4EF Styrelse 2026<\/h2>\n\n\n\n<figure class=\"wp-block-table\"><table><tbody><tr><td>Ordf\u00f6rande<\/td><td>Johan Boman<\/td><\/tr><tr><td>Vice ordf\u00f6rande<\/td><td>Flemming Nilausen<\/td><\/tr><tr><td>Sekreterare<\/td><td>Anders Elleg\u00e5rd <\/td><\/tr><tr><td>Kass\u00f6r<\/td><td>Margareta Johansson<\/td><\/tr><tr><td>Webmaster<\/td><td>Johan Boman<\/td><\/tr><tr><td>Ledam\u00f6ter<\/td><td>Arne Persson<\/td><\/tr><tr><td><\/td><td>Kristina Jergling Leijon<\/td><\/tr><tr><td><\/td><td>Jacob Nilsson<\/td><\/tr><tr><td><\/td><td><\/td><\/tr><tr><td>Suppleanter<\/td><td>Christian Nyberg<\/td><\/tr><tr><td><\/td><td>Marja Ekdahl<\/td><\/tr><tr><td><\/td><td><\/td><\/tr><tr><td>Revisor<\/td><td>Lennart Olsson<\/td><\/tr><tr><td>Revisorssuppleant<\/td><td>Monica Axman<\/td><\/tr><tr><td><\/td><td><\/td><\/tr><tr><td>Valberedning<\/td><td>Bennet Th\u00f6rner<\/td><\/tr><tr><td><\/td><td>Vakant<\/td><\/tr><\/tbody><\/table><\/figure>\n\n\n\n<p>\u00c4r du intresserad av att g\u00f6ra lite styrelsearbete i f\u00f6reningen? H\u00f6r av dig till <a href=\"mailto:ordforande@aef.nu\">ordforande@aef.nu<\/a><\/p>\n","protected":false},"excerpt":{"rendered":"<p>\u00c4EF Styrelse 2026 Ordf\u00f6rande Johan Boman Vice ordf\u00f6rande Flemming Nilausen Sekreterare Anders Elleg\u00e5rd Kass\u00f6r Margareta Johansson Webmaster Johan Boman Ledam\u00f6ter Arne Persson Kristina Jergling Leijon Jacob Nilsson Suppleanter Christian Nyberg Marja Ekdahl Revisor Lennart Olsson Revisorssuppleant Monica Axman Valberedning Bennet Th\u00f6rner Vakant \u00c4r du intresserad av att g\u00f6ra lite styrelsearbete i f\u00f6reningen? H\u00f6r av dig [&hellip;]<\/p>\n","protected":false},"author":1,"featured_media":0,"parent":0,"menu_order":0,"comment_status":"closed","ping_status":"closed","template":"","meta":{"footnotes":""},"class_list":["post-227","page","type-page","status-publish","hentry","post"],"_links":{"self":[{"href":"https:\/\/www.aef.nu\/index.php?rest_route=\/wp\/v2\/pages\/227","targetHints":{"allow":["GET"]}}],"collection":[{"href":"https:\/\/www.aef.nu\/index.php?rest_route=\/wp\/v2\/pages"}],"about":[{"href":"https:\/\/www.aef.nu\/index.php?rest_route=\/wp\/v2\/types\/page"}],"author":[{"embeddable":true,"href":"https:\/\/www.aef.nu\/index.php?rest_route=\/wp\/v2\/users\/1"}],"replies":[{"embeddable":true,"href":"https:\/\/www.aef.nu\/index.php?rest_route=%2Fwp%2Fv2%2Fcomments&post=227"}],"version-history":[{"count":17,"href":"https:\/\/www.aef.nu\/index.php?rest_route=\/wp\/v2\/pages\/227\/revisions"}],"predecessor-version":[{"id":6421,"href":"https:\/\/www.aef.nu\/index.php?rest_route=\/wp\/v2\/pages\/227\/revisions\/6421"}],"wp:attachment":[{"href":"https:\/\/www.aef.nu\/index.php?rest_route=%2Fwp%2Fv2%2Fmedia&parent=227"}],"curies":[{"name":"wp","href":"https:\/\/api.w.org\/{rel}","templated":true}]}}