{"id":2080,"date":"2021-03-15T19:05:06","date_gmt":"2021-03-15T18:05:06","guid":{"rendered":"http:\/\/www.aef.nu\/?page_id=2080"},"modified":"2023-02-05T16:34:24","modified_gmt":"2023-02-05T15:34:24","slug":"alvsborgs-historia","status":"publish","type":"page","link":"https:\/\/www.aef.nu\/?page_id=2080","title":{"rendered":"\u00c4lvsborgs historia"},"content":{"rendered":"<p>\u00c4lvsborg slott \u00e4r omskrivet redan 1366 i \u00c5lholmstraktaten, en \u00f6verenskommelse mellan Albert av Mecklenburg och den danske kungen Valdemar Atterdag. Det g\u00e4llde d\u00e5 sj\u00e4lva slottet av vilket ruiner fortfarande kan hittas vid Klippan bakom Carnegies v\u00e4ldiga tegelhus. Det var en viktig st\u00f6djepunkt f\u00f6r handeln p\u00e5 L\u00f6d\u00f6se, och togs upprepade g\u00e5nger av danskarna. Efter sju\u00e5rskriget med Danmark var Sverige tvunget att betala l\u00f6sen p\u00e5 150&nbsp;000 riksdaler f\u00f6r att f\u00e5 tillbaka det.<\/p>\n<p>Upprustningen kr\u00e4vde stora insatser av allmogen som belades med tunga skatter och krav p\u00e5 dagsverken. Dessa g\u00e4llde inte bara i n\u00e4romr\u00e5det, utan l\u00e5ngt in i V\u00e4sterg\u00f6tland i Marks, Kinds, Kinna med flera h\u00e4raden. Redan n\u00e5gra decennier senare var dansken framme igen, och st\u00e4llde upp sina kanoner vid Sandarna som enkelt kunde beskjuta slottet som er\u00f6vrades. Detta ledde till att \u00c4lvsborg \u00e5ter fick l\u00f6sas in, denna g\u00e5ng till en kostnad av 1 miljon riksdaler. Det var s\u00e5 mycket att man fick skrapa ihop pengar i hela landet, inklusive ur kungens egen privata f\u00f6rm\u00f6genhet.<\/p>\n<p>Men \u00c4lvsborg var ju inte bara borgen, utan ocks\u00e5 omr\u00e5den omkring. Det som nu heter Kungsladug\u00e5rd (eller \u00e4nnu modernare: Majorna) var f\u00f6rr \u00c4lvsborgs Kungsladug\u00e5rd, och \u00e4gorna str\u00e4ckte sig \u00e4ven s\u00f6derut mot \u00c4ngg\u00e5rden. Det som vi nu kallar \u00c4lvsborg ser p\u00e5 den enkla kartskissen fr\u00e5n ca 1660 nedan mest ut som utmarker, dock med flera f\u00f6r oss med lite fantasi v\u00e4lk\u00e4nda namn, som Hagen, Tranred, Grimmered, Kieringeberget, Hins Holme och Fiskebeck.<\/p>\n<p><img loading=\"lazy\" decoding=\"async\" class=\"alignnone  wp-image-2084\" src=\"http:\/\/www.aef.nu\/wp-content\/uploads\/2021\/03\/Kungsladugard1-300x229.jpg\" alt=\"\" width=\"1029\" height=\"785\" srcset=\"https:\/\/www.aef.nu\/wp-content\/uploads\/2021\/03\/Kungsladugard1-300x229.jpg 300w, https:\/\/www.aef.nu\/wp-content\/uploads\/2021\/03\/Kungsladugard1-1024x782.jpg 1024w, https:\/\/www.aef.nu\/wp-content\/uploads\/2021\/03\/Kungsladugard1-768x586.jpg 768w, https:\/\/www.aef.nu\/wp-content\/uploads\/2021\/03\/Kungsladugard1-1536x1172.jpg 1536w, https:\/\/www.aef.nu\/wp-content\/uploads\/2021\/03\/Kungsladugard1-2048x1563.jpg 2048w\" sizes=\"auto, (max-width: 1029px) 100vw, 1029px\" \/><\/p>\n<p><em>(K\u00e4lla: Krigsarkivet)<\/em><\/p>\n<p>V\u00e4sterut ligger Nya Varvet, som anlades \u00e5r 1700, och som f\u00f6rst kanske mest var en ankarplats, men s\u00e5 sm\u00e5ningom f\u00f6rst\u00e4rktes f\u00f6r milit\u00e4ra behov. Densamma tr\u00f6ttnade dock efterhand, och Nya Varvet fick bli f\u00e4ngelse 1870. Efter unionsuppl\u00f6sningen b\u00f6rjade man p\u00e5 nytt militarisera omr\u00e5det, som var kvar som \u00f6rlogsbas till 1986 n\u00e4r det hela s\u00e5ldes till K\u00e4llfelts fastighetsbolag.<\/p>\n<p>F\u00f6ljer man kusten l\u00e4ngre v\u00e4sterut kommer man till K\u00e4ringberget. Detta namn \u00e4r belagt sedan 1530-talet, och syftar troligen p\u00e5 ett sj\u00f6m\u00e4rke eller r\u00f6se som fanns uppf\u00f6rt d\u00e4r. Det \u00e4r n\u00e5got oklart om namnet h\u00e4nsyftar p\u00e5 det som vi idag brukar kalla V\u00e4sterberget eller det berg som ligger n\u00e4rmare sp\u00e5rvagnsh\u00e5llplatsen med samma namn.<\/p>\n<p>Ytterligare l\u00e4ngre ut kommer vi till Hinsholmen och L\u00e5ngedrag. L\u00e5ngedrag var vid b\u00f6rjan av 1800-talet en samling bodar och hus p\u00e5 Hinsholmens utmarker. De som bodde d\u00e4r var fiskare och lotsar. 1858 k\u00f6ptes strandplatsen av en MF Leffler, kanske i samband med det laga skifte som gjordes. 1903 bildades L\u00e5ngdragsbolaget som k\u00f6pte Hinsholmens ut\u00e4gor p\u00e5 V\u00e4ssings\u00f6 och Saltholmen, drog elektrifierad j\u00e4rnv\u00e4g f\u00f6rst till L\u00e5ngedrag och sedan till Saltholmen. V\u00e4ssings\u00f6 styckades till tomter som k\u00f6ptes av f\u00f6rm\u00f6gna borgare. Dessa kunde i och med j\u00e4rnv\u00e4gen kunde bo en bra bit ifr\u00e5n centrala staden. Dock fanns en del som enbart anv\u00e4nde sina villor som sommarbost\u00e4der. Min egen morfars bror \u00e4gde ett hus p\u00e5 Pejlingsgatan dit han flyttade varje sommar genom att lasta sina resv\u00e4skor p\u00e5 L\u00e5ngedragsvagnen vid J\u00e4rntorget. P\u00e5 vintern bodde han i Haga.<\/p>\n<p><\/p>\n<p>Anders Elleg\u00e5rd, 2021<\/p>\n<p>Mer detaljer finns i f\u00f6ljande l\u00e4nkar:<\/p>\n<p><a href=\"https:\/\/goteborgshistoria.com\/2019\/05\/07\/mellan-tva-krig-alvsborg-gullberg-och-karl-ix-goteborg\/\" target=\"_blank\" rel=\"noopener\">G\u00f6teborgshistoria<\/a><\/p>\n<p><a href=\"http:\/\/www.elfsborgsfastning.se\/gamla-elfsborg\" target=\"_blank\" rel=\"noopener\">Gamla Elfsborg<\/a><\/p>\n<p><a href=\"https:\/\/sv.wikipedia.org\/wiki\/%C3%84lvsborgs_Kungsladug%C3%A5rd\" target=\"_blank\" rel=\"noopener\">\u00c4lvsborgs Kungsladug\u00e5rd<\/a><\/p>\n<p><a href=\"https:\/\/sv.wikipedia.org\/wiki\/Nya_Varvet\" target=\"_blank\" rel=\"noopener\">Nya Varvet<\/a><\/p>\n<p><a href=\"https:\/\/sv.wikipedia.org\/wiki\/K%C3%A4ringberget\" target=\"_blank\" rel=\"noopener\">K\u00e4ringberget<\/a><\/p>\n<p><a href=\"https:\/\/goteborgsstadsmuseum.se\/sites\/goteborgsstadsmuseum.se\/files\/media\/bevarandeprogram_gbg_vol_2_del_1.pdf\" target=\"_blank\" rel=\"noopener\">L\u00e5ngedrag-Saltholmen<\/a><\/p>\n\n\n<p><\/p>\n","protected":false},"excerpt":{"rendered":"<p>\u00c4lvsborg slott \u00e4r omskrivet redan 1366 i \u00c5lholmstraktaten, en \u00f6verenskommelse mellan Albert av Mecklenburg och den danske kungen Valdemar Atterdag. Det g\u00e4llde d\u00e5 sj\u00e4lva slottet av vilket ruiner fortfarande kan hittas vid Klippan bakom Carnegies v\u00e4ldiga tegelhus. Det var en viktig st\u00f6djepunkt f\u00f6r handeln p\u00e5 L\u00f6d\u00f6se, och togs upprepade g\u00e5nger av danskarna. Efter sju\u00e5rskriget med [&hellip;]<\/p>\n","protected":false},"author":3,"featured_media":0,"parent":0,"menu_order":0,"comment_status":"closed","ping_status":"closed","template":"","meta":{"footnotes":""},"class_list":["post-2080","page","type-page","status-publish","hentry","post"],"_links":{"self":[{"href":"https:\/\/www.aef.nu\/index.php?rest_route=\/wp\/v2\/pages\/2080","targetHints":{"allow":["GET"]}}],"collection":[{"href":"https:\/\/www.aef.nu\/index.php?rest_route=\/wp\/v2\/pages"}],"about":[{"href":"https:\/\/www.aef.nu\/index.php?rest_route=\/wp\/v2\/types\/page"}],"author":[{"embeddable":true,"href":"https:\/\/www.aef.nu\/index.php?rest_route=\/wp\/v2\/users\/3"}],"replies":[{"embeddable":true,"href":"https:\/\/www.aef.nu\/index.php?rest_route=%2Fwp%2Fv2%2Fcomments&post=2080"}],"version-history":[{"count":3,"href":"https:\/\/www.aef.nu\/index.php?rest_route=\/wp\/v2\/pages\/2080\/revisions"}],"predecessor-version":[{"id":4886,"href":"https:\/\/www.aef.nu\/index.php?rest_route=\/wp\/v2\/pages\/2080\/revisions\/4886"}],"wp:attachment":[{"href":"https:\/\/www.aef.nu\/index.php?rest_route=%2Fwp%2Fv2%2Fmedia&parent=2080"}],"curies":[{"name":"wp","href":"https:\/\/api.w.org\/{rel}","templated":true}]}}